.
23
Suppose -l + 2*s + 12 = -10, 0 = -3*l - s + 87. Let a(m) = m**2 - 3*m - 4. Let u be a(6). Calculate the greatest common divisor of l and u.
14
Suppose 60 = -10*p + 15*p. Calculate the greatest common factor of 108 and p.
12
Suppose 0*w = 3*w - 9. Let s(f) = 25*f - 3. Let h be s(w). Calculate the highest common factor of 8 and h.
8
Let i be (-9)/4 - (-9)/(-12). Let w be 4/i*(-495)/10. Calculate the greatest common divisor of 6 and w.
6
Let j(h) = -h**3 + 4*h**2 + 5*h + 1. Let g be j(5). What is the highest common factor of 5 and g?
1
Suppose v - 5*v = -84. What is the greatest common factor of v and 63?
21
Let j be (-6)/5*((-61)/3 - -7). What is the greatest common divisor of j and 176?
16
Let h(r) = r**3 - 3*r**2 + 2*r + 2. Let w be h(2). Suppose 97 = -i + w*b, -2*b + 1 = -7. Let x = i - -215. Calculate the greatest common factor of 18 and x.
18
Let r = 46 - -53. Calculate the highest common factor of r and 9.
9
Let d = -44 + 75. Suppose -1 + 89 = -4*x. Let t = x + d. Calculate the highest common factor of 27 and t.
9
Suppose 27*d - 19*d - 400 = 0. Calculate the highest common factor of 125 and d.
25
Suppose 3*r = 12 + 15. Let g be -3 - -4 - (-1 + 1). What is the greatest common factor of r and g?
1
Let l be -2*(-20)/((-2)/(-2)). Suppose -25*n - 1080 = -43*n. Calculate the greatest common factor of l and n.
20
Suppose 26 = -5*a + 186. Calculate the greatest common divisor of 8 and a.
8
Suppose -5*g + 2*v + 950 = 0, 5*g + 4*v + 0*v = 980. Calculate the greatest common divisor of g and 12.
12
Let n be 2*(10 + -3) + -4. Let s be (n/(-6))/((-2)/6). What is the highest common factor of 55 and s?
5
Let c = -115 + 127. What is the greatest common divisor of c and 42?
6
Let q(k) = 11*k**2 + 2*k - 1. Let p be q(1). Let s = 24 - p. Calculate the highest common factor of s and 108.
12
Let s = 18 + 0. Let r = -1 - -13. Calculate the highest common divisor of r and s.
6
Let t = -12 + 10. Let a be ((-9)/t)/((-12)/(-32)). What is the highest common factor of a and 84?
12
Let g be (28 + 0)*9/(-8)*-6. Calculate the greatest common factor of g and 27.
27
Let r be 4488/10 + 17/85. Let s = r - 314. Calculate the highest common divisor of s and 15.
15
Let r(h) = h**3 - 7*h**2 - 10*h + 39. Let s be r(8). Calculate the highest common factor of s and 23.
23
Suppose y - 48 = -5*r, 0 = -2*y - 3*r - 2 + 63. Suppose -5*u + u = -184. What is the highest common divisor of y and u?
23
Let f(u) = -u**3 - 12*u**2 - 4*u - 28. Let r be f(-12). Calculate the highest common factor of r and 5.
5
Suppose 0*r + 64 = 2*r. Let k = r - 8. Calculate the greatest common divisor of k and 96.
24
Suppose -10*s = -5*s - 20. Let m = 2 + s. Calculate the greatest common factor of m and 12.
6
Let r be 13*(3 + -2 + 0). Let q = 163 - 340. Let w = q - -294. What is the greatest common divisor of w and r?
13
Let y(u) = -2*u**2 + 0*u**3 - 1 - 3*u - u**3 - u**2. Let c be y(-3). Calculate the greatest common factor of c and 2.
2
Let g = 0 - 1. Let v be (-4 - (2 - 2))*g. Let m = 8 - v. Calculate the greatest common divisor of m and 28.
4
Let r = 0 - -5. Calculate the highest common factor of 15 and r.
5
Suppose 5*u - 24 = 96. Suppose 2*d + 3*d = 3*z + 495, 3*z + 15 = 0. Calculate the highest common factor of u and d.
24
Let n(c) be the second derivative of -10*c**3/3 + 2*c**2 - 2*c. Let h be n(-5). Calculate the highest common divisor of 13 and h.
13
Let q be 2/3*15/5. Suppose f = -2 - 1, -q*z + 21 = f. Calculate the highest common factor of 6 and z.
6
Let r = 22 - -10. Let v be (-1 + 7)/((-24)/(-320)). Calculate the greatest common factor of r and v.
16
Suppose -4*p - 4*a = -4, 3*p + 4*a - 13 = 6*a. Let y = p + 7. What is the greatest common factor of 40 and y?
10
Let r(m) = -24*m**3 - m**2 + m + 1. Let c be r(-1). Let g = -14 + c. Let o(q) = -18*q. Let w be o(-4). What is the highest common divisor of g and w?
9
Let m = 235 + -163. Calculate the greatest common factor of m and 9.
9
Let n = 30 + -42. Suppose 2*s - 16 - 44 = 0. Let u = n + s. Calculate the highest common divisor of 9 and u.
9
Suppose 0*o - 5*o = -50. Let w be 12/o*(-20)/(-6). Suppose -18*d = -14*d - 40. What is the highest common divisor of w and d?
2
Let o = 109 - -45. Let f(b) = -2*b + 4. Suppose 0 = 5*m - 3*q + 16, -5*m - q + 18 = 46. Let y be f(m). What is the greatest common factor of o and y?
14
Let o be (4/24*2)/(4/660). Calculate the highest common divisor of 5 and o.
5
Let t = 4 + -4. Suppose -2*v = -t*v - 4. Suppose -78 = -l - v*l. What is the greatest common factor of 13 and l?
13
Suppose -7 + 17 = 5*i. Suppose -5 - 21 = -i*d. Calculate the highest common factor of d and 39.
13
Let k(a) = a**2 - 8*a + 8. Let o be k(10). What is the greatest common divisor of 42 and o?
14
Suppose 0 = -3*m + 2*m + 2. Suppose -674 = -m*q - 146. Suppose 3*j - 2*b - b = q, 4*b + 442 = 5*j. Calculate the greatest common factor of j and 10.
10
Let h(s) = -s**3 + 5*s**2 - 2*s + 7. Let y be h(4). What is the highest common divisor of y and 120?
15
Let g(i) = -i**3 - i - 8. Let a be g(0). Let y = a + 9. What is the greatest common divisor of 5 and y?
1
Suppose 8 = v - 2*s, -v + 8 = v - 2*s. Let k be (-2)/(-2)*8 - v. Let f = -165 + 177. What is the greatest common divisor of f and k?
4
Let a(d) = -4*d**3 - 2*d**2 - 3*d + 3. Let s be a(-2). Calculate the highest common factor of 297 and s.
33
Suppose -5*b + 19 = -126. Calculate the highest common factor of b and 261.
29
Let z(j) = j**2 + 2*j - 3. Let q be z(-4). Calculate the highest common divisor of 45 and q.
5
Let r(c) = 143*c**2 + 2*c - 1. Let z be r(1). Suppose -z - 108 = -4*i. What is the greatest common factor of 21 and i?
21
Suppose -3*z = -6*z - 48. Let w = z + 27. Calculate the greatest common factor of 88 and w.
11
Suppose -3*u - 324 = -7*u. Calculate the greatest common divisor of u and 27.
27
Let s be (-1812)/(-52) - (-4)/26. Let b = -11 - -22. Let k = b - 6. What is the greatest common factor of k and s?
5
Let z(o) = -o**2 + o - 1. Let l be z(6). Let j = l - -47. What is the highest common factor of 112 and j?
16
Suppose 79 = 5*t - b, -2*t + 0*b - 5*b = -37. Suppose 5*u - 2*u = 192. What is the highest common divisor of t and u?
16
Let y(k) = 2*k**2 + 2*k - 4. Suppose -z = -2*l - 6, -2*l - z - 12 = 2*l. Let v be y(l). What is the greatest common divisor of 16 and v?
8
Let q be -1 + 286/(-1 + 3). Suppose f - 2*f - q = -2*j, 0 = -3*j + f + 212. What is the greatest common factor of 10 and j?
10
Let r(g) = -g**3 - 3*g**2 - 3*g + 3. Let h be 7/(-2) - (-3)/6. Let p be r(h). Let q = 188 - 104. Calculate the greatest common factor of p and q.
12
Suppose 2*q - 67 = 53. Suppose x - q = -x. What is the highest common factor of 15 and x?
15
Suppose 9*s = 20 + 7. Suppose -3*n - 5*m - 96 + 41 = 0, 3*n + 45 = -3*m. Let g be 5*-1*42/n. Calculate the highest common divisor of g and s.
3
Let k be (-34 - (-1 - -2))*-2. Calculate the greatest common factor of k and 14.
14
Let t be -1*2/(-10) + (-374)/(-5). What is the highest common factor of t and 15?
15
Let i be ((-10)/6)/(2/(-66)). Suppose 0 = -2*o - 4*q + 36, -38 = -3*o + o - 3*q. Calculate the highest common factor of o and i.
11
Let p be 97 + (-25)/(-9) + 6/27. What is the highest common divisor of p and 20?
20
Let l(w) = -w**2 - 12*w - 13. Let p be l(-11). Let u = 14 + p. What is the highest common factor of u and 3?
3
Suppose -7*z - 294 = -10*z. What is the highest common divisor of 14 and z?
14
Let q = 99 - 177. Suppose 118 = -2*s + 3*s. Let j = q + s. Calculate the greatest common divisor of 10 and j.
10
Suppose -7*x + 5*x + 32 = 0. What is the greatest common divisor of x and 144?
16
Let k(b) be the third derivative of -5*b**4/24 - b**3/3 - 5*b**2. Let f be k(-2). What is the highest common factor of 4 and f?
4
Let h = 377 + -227. Calculate the greatest common divisor of 15 and h.
15
Let c = -9 - -21. Calculate the greatest common divisor of c and 24.
12
Let l(v) = -2*v**2 - 7*v + 3. Let p(s) = 3*s**2 + 7*s - 3. Let h(t) = 4*l(t) + 3*p(t). Let b be h(8). Calculate the highest common divisor of b and 55.
11
Let k be -24*((-5)/21 - 3/7). Calculate the highest common factor of k and 4.
4
Let n(b) = -b**3 - b**2 + 3*b - 1. Let z be n(2). Let l = z - -11. Calculate the highest common factor of l and 20.
4
Let o(s) = s**2 - 11*s + 13. Let t be